{"id":526,"date":"2021-12-17T16:44:25","date_gmt":"2021-12-17T15:44:25","guid":{"rendered":"https:\/\/www.ifape.com\/?post_type=formation&#038;p=526"},"modified":"2023-12-21T18:03:00","modified_gmt":"2023-12-21T17:03:00","slug":"cap-accompagnant-educatif-petite-enfance","status":"publish","type":"formation","link":"https:\/\/www.ifape.com\/formation\/cap-accompagnant-educatif-petite-enfance\/","title":{"rendered":"CAP Accompagnant \u00c9ducatif Petite Enfance"},"content":{"rendered":"","protected":false},"featured_media":737,"template":"","genre":[10],"acf":[],"yoast_head":"<!-- This site is optimized with the Yoast SEO plugin v18.9 - https:\/\/yoast.com\/wordpress\/plugins\/seo\/ -->\n<title>CAP accompagnant \u00e9ducatif petite enfance | IFAPE.com<\/title>\n<meta name=\"description\" content=\"Acqu\u00e9rir les comp\u00e9tences \u00e0 l\u2019accueil et la garde de jeunes enfants. Veiller \u00e0 la s\u00e9curit\u00e9 de l\u2019enfant et \u00e0 l\u2019entretien de son environnement.\" \/>\n<meta name=\"robots\" content=\"index, follow, max-snippet:-1, max-image-preview:large, max-video-preview:-1\" \/>\n<link rel=\"canonical\" href=\"https:\/\/www.ifape.com\/formation\/cap-accompagnant-educatif-petite-enfance\/\" \/>\n<meta property=\"og:locale\" content=\"fr_FR\" \/>\n<meta property=\"og:type\" content=\"article\" \/>\n<meta property=\"og:title\" content=\"CAP accompagnant \u00e9ducatif petite enfance | IFAPE.com\" \/>\n<meta property=\"og:description\" content=\"Acqu\u00e9rir les comp\u00e9tences \u00e0 l\u2019accueil et la garde de jeunes enfants. Veiller \u00e0 la s\u00e9curit\u00e9 de l\u2019enfant et \u00e0 l\u2019entretien de son environnement.\" \/>\n<meta property=\"og:url\" content=\"https:\/\/www.ifape.com\/formation\/cap-accompagnant-educatif-petite-enfance\/\" \/>\n<meta property=\"og:site_name\" content=\"IFAPE.com\" \/>\n<meta property=\"article:modified_time\" content=\"2023-12-21T17:03:00+00:00\" \/>\n<meta property=\"og:image\" content=\"https:\/\/www.ifape.com\/wp-content\/uploads\/2022\/02\/6.png\" \/>\n\t<meta property=\"og:image:width\" content=\"1080\" \/>\n\t<meta property=\"og:image:height\" content=\"1080\" \/>\n\t<meta property=\"og:image:type\" content=\"image\/png\" \/>\n<meta name=\"twitter:card\" content=\"summary_large_image\" \/>\n<script type=\"application\/ld+json\" class=\"yoast-schema-graph\">{\"@context\":\"https:\/\/schema.org\",\"@graph\":[{\"@type\":\"Organization\",\"@id\":\"https:\/\/www.ifape.com\/#organization\",\"name\":\"IFAPE\",\"url\":\"https:\/\/www.ifape.com\/\",\"sameAs\":[],\"logo\":{\"@type\":\"ImageObject\",\"inLanguage\":\"fr-FR\",\"@id\":\"https:\/\/www.ifape.com\/#\/schema\/logo\/image\/\",\"url\":\"https:\/\/www.ifape.com\/wp-content\/uploads\/2022\/01\/logo-ifape-favicon.svg\",\"contentUrl\":\"https:\/\/www.ifape.com\/wp-content\/uploads\/2022\/01\/logo-ifape-favicon.svg\",\"width\":307,\"height\":318,\"caption\":\"IFAPE\"},\"image\":{\"@id\":\"https:\/\/www.ifape.com\/#\/schema\/logo\/image\/\"}},{\"@type\":\"WebSite\",\"@id\":\"https:\/\/www.ifape.com\/#website\",\"url\":\"https:\/\/www.ifape.com\/\",\"name\":\"IFAPE.com\",\"description\":\"\",\"publisher\":{\"@id\":\"https:\/\/www.ifape.com\/#organization\"},\"potentialAction\":[{\"@type\":\"SearchAction\",\"target\":{\"@type\":\"EntryPoint\",\"urlTemplate\":\"https:\/\/www.ifape.com\/?s={search_term_string}\"},\"query-input\":\"required name=search_term_string\"}],\"inLanguage\":\"fr-FR\"},{\"@type\":\"ImageObject\",\"inLanguage\":\"fr-FR\",\"@id\":\"https:\/\/www.ifape.com\/formation\/cap-accompagnant-educatif-petite-enfance\/#primaryimage\",\"url\":\"https:\/\/www.ifape.com\/wp-content\/uploads\/2022\/02\/6.png\",\"contentUrl\":\"https:\/\/www.ifape.com\/wp-content\/uploads\/2022\/02\/6.png\",\"width\":1080,\"height\":1080},{\"@type\":\"WebPage\",\"@id\":\"https:\/\/www.ifape.com\/formation\/cap-accompagnant-educatif-petite-enfance\/#webpage\",\"url\":\"https:\/\/www.ifape.com\/formation\/cap-accompagnant-educatif-petite-enfance\/\",\"name\":\"CAP accompagnant \u00e9ducatif petite enfance | IFAPE.com\",\"isPartOf\":{\"@id\":\"https:\/\/www.ifape.com\/#website\"},\"primaryImageOfPage\":{\"@id\":\"https:\/\/www.ifape.com\/formation\/cap-accompagnant-educatif-petite-enfance\/#primaryimage\"},\"datePublished\":\"2021-12-17T15:44:25+00:00\",\"dateModified\":\"2023-12-21T17:03:00+00:00\",\"description\":\"Acqu\u00e9rir les comp\u00e9tences \u00e0 l\u2019accueil et la garde de jeunes enfants. Veiller \u00e0 la s\u00e9curit\u00e9 de l\u2019enfant et \u00e0 l\u2019entretien de son environnement.\",\"breadcrumb\":{\"@id\":\"https:\/\/www.ifape.com\/formation\/cap-accompagnant-educatif-petite-enfance\/#breadcrumb\"},\"inLanguage\":\"fr-FR\",\"potentialAction\":[{\"@type\":\"ReadAction\",\"target\":[\"https:\/\/www.ifape.com\/formation\/cap-accompagnant-educatif-petite-enfance\/\"]}]},{\"@type\":\"BreadcrumbList\",\"@id\":\"https:\/\/www.ifape.com\/formation\/cap-accompagnant-educatif-petite-enfance\/#breadcrumb\",\"itemListElement\":[{\"@type\":\"ListItem\",\"position\":1,\"name\":\"Accueil\",\"item\":\"https:\/\/www.ifape.com\/\"},{\"@type\":\"ListItem\",\"position\":2,\"name\":\"CAP Accompagnant \u00c9ducatif Petite Enfance\"}]}]}<\/script>\n<!-- \/ Yoast SEO plugin. -->","yoast_head_json":{"title":"CAP accompagnant \u00e9ducatif petite enfance | IFAPE.com","description":"Acqu\u00e9rir les comp\u00e9tences \u00e0 l\u2019accueil et la garde de jeunes enfants. Veiller \u00e0 la s\u00e9curit\u00e9 de l\u2019enfant et \u00e0 l\u2019entretien de son environnement.","robots":{"index":"index","follow":"follow","max-snippet":"max-snippet:-1","max-image-preview":"max-image-preview:large","max-video-preview":"max-video-preview:-1"},"canonical":"https:\/\/www.ifape.com\/formation\/cap-accompagnant-educatif-petite-enfance\/","og_locale":"fr_FR","og_type":"article","og_title":"CAP accompagnant \u00e9ducatif petite enfance | IFAPE.com","og_description":"Acqu\u00e9rir les comp\u00e9tences \u00e0 l\u2019accueil et la garde de jeunes enfants. Veiller \u00e0 la s\u00e9curit\u00e9 de l\u2019enfant et \u00e0 l\u2019entretien de son environnement.","og_url":"https:\/\/www.ifape.com\/formation\/cap-accompagnant-educatif-petite-enfance\/","og_site_name":"IFAPE.com","article_modified_time":"2023-12-21T17:03:00+00:00","og_image":[{"width":1080,"height":1080,"url":"https:\/\/www.ifape.com\/wp-content\/uploads\/2022\/02\/6.png","type":"image\/png"}],"twitter_card":"summary_large_image","schema":{"@context":"https:\/\/schema.org","@graph":[{"@type":"Organization","@id":"https:\/\/www.ifape.com\/#organization","name":"IFAPE","url":"https:\/\/www.ifape.com\/","sameAs":[],"logo":{"@type":"ImageObject","inLanguage":"fr-FR","@id":"https:\/\/www.ifape.com\/#\/schema\/logo\/image\/","url":"https:\/\/www.ifape.com\/wp-content\/uploads\/2022\/01\/logo-ifape-favicon.svg","contentUrl":"https:\/\/www.ifape.com\/wp-content\/uploads\/2022\/01\/logo-ifape-favicon.svg","width":307,"height":318,"caption":"IFAPE"},"image":{"@id":"https:\/\/www.ifape.com\/#\/schema\/logo\/image\/"}},{"@type":"WebSite","@id":"https:\/\/www.ifape.com\/#website","url":"https:\/\/www.ifape.com\/","name":"IFAPE.com","description":"","publisher":{"@id":"https:\/\/www.ifape.com\/#organization"},"potentialAction":[{"@type":"SearchAction","target":{"@type":"EntryPoint","urlTemplate":"https:\/\/www.ifape.com\/?s={search_term_string}"},"query-input":"required name=search_term_string"}],"inLanguage":"fr-FR"},{"@type":"ImageObject","inLanguage":"fr-FR","@id":"https:\/\/www.ifape.com\/formation\/cap-accompagnant-educatif-petite-enfance\/#primaryimage","url":"https:\/\/www.ifape.com\/wp-content\/uploads\/2022\/02\/6.png","contentUrl":"https:\/\/www.ifape.com\/wp-content\/uploads\/2022\/02\/6.png","width":1080,"height":1080},{"@type":"WebPage","@id":"https:\/\/www.ifape.com\/formation\/cap-accompagnant-educatif-petite-enfance\/#webpage","url":"https:\/\/www.ifape.com\/formation\/cap-accompagnant-educatif-petite-enfance\/","name":"CAP accompagnant \u00e9ducatif petite enfance | IFAPE.com","isPartOf":{"@id":"https:\/\/www.ifape.com\/#website"},"primaryImageOfPage":{"@id":"https:\/\/www.ifape.com\/formation\/cap-accompagnant-educatif-petite-enfance\/#primaryimage"},"datePublished":"2021-12-17T15:44:25+00:00","dateModified":"2023-12-21T17:03:00+00:00","description":"Acqu\u00e9rir les comp\u00e9tences \u00e0 l\u2019accueil et la garde de jeunes enfants. Veiller \u00e0 la s\u00e9curit\u00e9 de l\u2019enfant et \u00e0 l\u2019entretien de son environnement.","breadcrumb":{"@id":"https:\/\/www.ifape.com\/formation\/cap-accompagnant-educatif-petite-enfance\/#breadcrumb"},"inLanguage":"fr-FR","potentialAction":[{"@type":"ReadAction","target":["https:\/\/www.ifape.com\/formation\/cap-accompagnant-educatif-petite-enfance\/"]}]},{"@type":"BreadcrumbList","@id":"https:\/\/www.ifape.com\/formation\/cap-accompagnant-educatif-petite-enfance\/#breadcrumb","itemListElement":[{"@type":"ListItem","position":1,"name":"Accueil","item":"https:\/\/www.ifape.com\/"},{"@type":"ListItem","position":2,"name":"CAP Accompagnant \u00c9ducatif Petite Enfance"}]}]}},"_links":{"self":[{"href":"https:\/\/www.ifape.com\/index.php\/wp-json\/wp\/v2\/formation\/526"}],"collection":[{"href":"https:\/\/www.ifape.com\/index.php\/wp-json\/wp\/v2\/formation"}],"about":[{"href":"https:\/\/www.ifape.com\/index.php\/wp-json\/wp\/v2\/types\/formation"}],"wp:featuredmedia":[{"embeddable":true,"href":"https:\/\/www.ifape.com\/index.php\/wp-json\/wp\/v2\/media\/737"}],"wp:attachment":[{"href":"https:\/\/www.ifape.com\/index.php\/wp-json\/wp\/v2\/media?parent=526"}],"wp:term":[{"taxonomy":"genre","embeddable":true,"href":"https:\/\/www.ifape.com\/index.php\/wp-json\/wp\/v2\/genre?post=526"}],"curies":[{"name":"wp","href":"https:\/\/api.w.org\/{rel}","templated":true}]}}

CAP Accompagnant Éducatif Petite Enfance

<!-- This site is optimized with the Yoast SEO plugin v18.9 - https://yoast.com/wordpress/plugins/seo/ -->
<title>CAP accompagnant éducatif petite enfance | IFAPE.com</title>
<meta name="description" content="Acquérir les compétences à l’accueil et la garde de jeunes enfants. Veiller à la sécurité de l’enfant et à l’entretien de son environnement." />
<meta name="robots" content="index, follow, max-snippet:-1, max-image-preview:large, max-video-preview:-1" />
<link rel="canonical" href="https://www.ifape.com/formation/cap-accompagnant-educatif-petite-enfance/" />
<meta property="og:locale" content="fr_FR" />
<meta property="og:type" content="article" />
<meta property="og:title" content="CAP accompagnant éducatif petite enfance | IFAPE.com" />
<meta property="og:description" content="Acquérir les compétences à l’accueil et la garde de jeunes enfants. Veiller à la sécurité de l’enfant et à l’entretien de son environnement." />
<meta property="og:url" content="https://www.ifape.com/formation/cap-accompagnant-educatif-petite-enfance/" />
<meta property="og:site_name" content="IFAPE.com" />
<meta property="article:modified_time" content="2023-12-21T17:03:00+00:00" />
<meta property="og:image" content="https://www.ifape.com/wp-content/uploads/2022/02/6.png" />
	<meta property="og:image:width" content="1080" />
	<meta property="og:image:height" content="1080" />
	<meta property="og:image:type" content="image/png" />
<meta name="twitter:card" content="summary_large_image" />
<script type="application/ld+json" class="yoast-schema-graph">{"@context":"https://schema.org","@graph":[{"@type":"Organization","@id":"https://www.ifape.com/#organization","name":"IFAPE","url":"https://www.ifape.com/","sameAs":[],"logo":{"@type":"ImageObject","inLanguage":"fr-FR","@id":"https://www.ifape.com/#/schema/logo/image/","url":"https://www.ifape.com/wp-content/uploads/2022/01/logo-ifape-favicon.svg","contentUrl":"https://www.ifape.com/wp-content/uploads/2022/01/logo-ifape-favicon.svg","width":307,"height":318,"caption":"IFAPE"},"image":{"@id":"https://www.ifape.com/#/schema/logo/image/"}},{"@type":"WebSite","@id":"https://www.ifape.com/#website","url":"https://www.ifape.com/","name":"IFAPE.com","description":"","publisher":{"@id":"https://www.ifape.com/#organization"},"potentialAction":[{"@type":"SearchAction","target":{"@type":"EntryPoint","urlTemplate":"https://www.ifape.com/?s={search_term_string}"},"query-input":"required name=search_term_string"}],"inLanguage":"fr-FR"},{"@type":"ImageObject","inLanguage":"fr-FR","@id":"https://www.ifape.com/formation/cap-accompagnant-educatif-petite-enfance/#primaryimage","url":"https://www.ifape.com/wp-content/uploads/2022/02/6.png","contentUrl":"https://www.ifape.com/wp-content/uploads/2022/02/6.png","width":1080,"height":1080},{"@type":"WebPage","@id":"https://www.ifape.com/formation/cap-accompagnant-educatif-petite-enfance/#webpage","url":"https://www.ifape.com/formation/cap-accompagnant-educatif-petite-enfance/","name":"CAP accompagnant éducatif petite enfance | IFAPE.com","isPartOf":{"@id":"https://www.ifape.com/#website"},"primaryImageOfPage":{"@id":"https://www.ifape.com/formation/cap-accompagnant-educatif-petite-enfance/#primaryimage"},"datePublished":"2021-12-17T15:44:25+00:00","dateModified":"2023-12-21T17:03:00+00:00","description":"Acquérir les compétences à l’accueil et la garde de jeunes enfants. Veiller à la sécurité de l’enfant et à l’entretien de son environnement.","breadcrumb":{"@id":"https://www.ifape.com/formation/cap-accompagnant-educatif-petite-enfance/#breadcrumb"},"inLanguage":"fr-FR","potentialAction":[{"@type":"ReadAction","target":["https://www.ifape.com/formation/cap-accompagnant-educatif-petite-enfance/"]}]},{"@type":"BreadcrumbList","@id":"https://www.ifape.com/formation/cap-accompagnant-educatif-petite-enfance/#breadcrumb","itemListElement":[{"@type":"ListItem","position":1,"name":"Accueil","item":"https://www.ifape.com/"},{"@type":"ListItem","position":2,"name":"CAP Accompagnant Éducatif Petite Enfance"}]}]}</script>
<!-- / Yoast SEO plugin. -->

CAP accompagnant éducatif petite enfance | IFAPE.com

Acquérir les compétences à l’accueil et la garde de jeunes enfants. Veiller à la sécurité de l’enfant et à l’entretien de son environnement.
